72.
3
What is the remainder when 1092 is divided by 110?
102
Calculate the remainder when 3581 is divided by 64.
61
Calculate the remainder when 817 is divided by 63.
61
What is the remainder when 337 is divided by 197?
140
What is the remainder when 1492 is divided by 40?
12
What is the remainder when 326 is divided by 55?
51
Calculate the remainder when 40 is divided by 30.
10
Calculate the remainder when 26 is divided by 11.
4
Calculate the remainder when 380 is divided by 84.
44
What is the remainder when 503 is divided by 104?
87
What is the remainder when 289 is divided by 281?
8
What is the remainder when 1304 is divided by 58?
28
What is the remainder when 70 is divided by 54?
16
Calculate the remainder when 58 is divided by 45.
13
What is the remainder when 261 is divided by 87?
0
Calculate the remainder when 132 is divided by 47.
38
Calculate the remainder when 1124 is divided by 25.
24
Calculate the remainder when 246 is divided by 51.
42
What is the remainder when 1366 is divided by 339?
10
What is the remainder when 390 is divided by 25?
15
What is the remainder when 95 is divided by 21?
11
What is the remainder when 598 is divided by 11?
4
Calculate the remainder when 396 is divided by 76.
16
What is the remainder when 20058 is divided by 13?
12
Calculate the remainder when 440 is divided by 227.
213
What is the remainder when 1960 is divided by 9?
7
What is the remainder when 1006 is divided by 72?
70
What is the remainder when 131 is divided by 53?
25
Calculate the remainder when 679 is divided by 40.
39
Calculate the remainder when 278 is divided by 48.
38
Calculate the remainder when 229 is divided by 5.
4
Calculate the remainder when 179 is divided by 64.
51
What is the remainder when 1462 is divided by 712?
38
Calculate the remainder when 138 is divided by 29.
22
Calculate the remainder when 1186 is divided by 34.
30
Calculate the remainder when 62 is divided by 21.
20
Calculate the remainder when 513 is divided by 23.
7
What is the remainder when 2075 is divided by 63?
59
What is the remainder when 471 is divided by 118?
117
Calculate the remainder when 1189 is divided by 108.
1
What is the remainder when 1243 is divided by 8?
3
Calculate the remainder when 212 is divided by 171.
41
What is the remainder when 18 is divided by 16?
2
Calculate the remainder when 251 is divided by 78.
17
What is the remainder when 8819 is divided by 8?
3
Calculate the remainder when 46 is divided by 6.
4
Calculate the remainder when 266 is divided by 89.
88
Calculate the remainder when 3329 is divided by 196.
193
Calculate the remainder when 555 is divided by 44.
27
What is the remainder when 1347 is divided by 68?
55
What is the remainder when 258 is divided by 12?
6
What is the remainder when 227 is divided by 12?
11
What is the remainder when 47 is divided by 20?
7
What is the remainder when 739 is divided by 186?
181
Calculate the remainder when 14 is divided by 10.
4
What is the remainder when 2505 is divided by 86?
11
What is the remainder when 266 is divided by 34?
28
Calculate the remainder when 942 is divided by 185.
17
Calculate the remainder when 669 is divided by 28.
25
Calculate the remainder when 1690 is divided by 336.
10
Calculate the remainder when 1621 is divided by 13.
9
Calculate the remainder when 142 is divided by 63.
16
What is the remainder when 2554 is divided by 235?
204
What is the remainder when 55 is divided by 27?
1
Calculate the remainder when 101 is divided by 26.
23
What is the remainder when 93 is divided by 28?
9
What is the remainder when 920 is divided by 231?
227
What is the remainder when 5138 is divided by 234?
224
What is the remainder when 767 is divided by 121?
41
What is the remainder when 3381 is divided by 38?
37
What is the remainder when 2171 is divided by 41?
39
Calculate the remainder when 843 is divided by 50.
43
What is the remainder when 90 is divided by 13?
12
What is the remainder when 1006 is divided by 24?
22
Calculate the remainder when 192 is divided by 164.
28
What is the remainder when 321 is divided by 227?
94
Calculate the remainder when 70 is divided by 44.
26
Calculate the remainder when 705 is divided by 44.
1
What is the remainder when 397 is divided by 78?
7
What is the remainder when 909 is divided by 24?
21
What is the remainder when 860 is divided by 213?
8
What is the remainder when 1479 is divided by 211?
2
Calculate the remainder when 96 is divided by 36.
24
Calculate the remainder when 62 is divided by 9.
8
What is the remainder when 4636 is divided by 1545?
1
What is the remainder when 98 is divided by 22?
10
Calculate the remainder when 832 is divided by 28.
20
What is the remainder when 1046 is divided by 207?
11
Calculate the remainder when 75 is divided by 23.
6
Calculate the remainder when 286 is divided by 147.
139
Calculate the remainder when 156 is divided by 73.
10
Calculate the remainder when 6737 is divided by 95.
87
Calculate the remainder when 60 is divided by 9.
6
Calculate the remainder when 113 is divided by 34.
11
What is the remainder when 18520 is divided by 49?
47
Calculate the remainder when 583 is divided by 9.
7
What is the remainder when 207 is divided by 104?
103
What is the remainder when 2620 is divided by 73?
65
Calculate the remainder when 254 is divided by 81.
11
What is the remainder when 581 is divided by 233?
115
Calculate the remainder when 114 is divided by 17.
12
What is the remainder when 80 is divided by 12?
8
Calculate the remainder when 590 is divided by 581.
9
What is the remainder when 420 is divided by 201?
18
What is the remainder when 4668 is divided by 10?
8
What is the remainder when 441 is divided by 6?
3
Calculate the remainder when 129 is divided by 17.
10
What is the remainder when 138 is divided by 24?
18
Calculate the remainder when 53 is divided by 12.
5
Calculate the remainder when 83 is divided by 17.
15
Calculate the remainder when 413 is divided by 68.
5
Calculate the remainder when 3179 is divided by 35.
29
Calculate the remainder when 911 is divided by 16.
15
Calculate the remainder when 3111 is divided by 173.
170
What is the remainder when 1276 is divided by 213?
211
Calculate the remainder when 710 is divided by 119.
115
Calculate the remainder when 156 is divided by 40.
36
Calculate the remainder when 5775 is divided by 718.
31
What is the remainder when 611 is divided by 206?
199
What is the remainder when 1538 is divided by 307?
3
What is the remainder when 219 is divided by 68?
15
Calculate the remainder when 35 is divided by 30.
5
Calculate the remainder when 223 is divided by 86.
51
Calculate the remainder when 372 is divided by 26.
8
Calculate the remainder when 294 is divided by 31.
15
Calculate the remainder when 44 is divided by 3.
2
Calculate the remainder when 80 is divided by 67.
13
What is the remainder when 455 is divided by 95?
75
Calculate the remainder when 19616 is divided by 39.
38
What is the remainder when 214 is divided by 27?
25
What is the remainder when 113 is divided by 38?
37
Calculate the remainder when 14513 is divided by 110.
103
What is the remainder when 3476 is divided by 60?
56
What is the remainder when 115 is divided by 95?
20
What is the remainder when 427 is divided by 4?
3
Calculate the remainder when 415 is divided by 26.
25
What is the remainder when 423 is divided by 423?
0
What is the remainder when 3073 is divided by 47?
18
What is the remainder when 236 is divided by 60?
56
What is the remainder when 516 is divided by 40?
36
Calculate the remainder when 695 is divided by 71.
56
Calculate the remainder when 58 is divided by 6.
4
What is the remainder when 185 is divided by 94?
91
What is the remainder when 265 is divided by 45?
40
Calculate the remainder when 153 is divided by 20.
13
What is the remainder when 357 is divided by 180?
177
What is the remainder when 126 is divided by 2?
0
What is the remainder when 62 is divided by 13?
10
Calculate the remainder when 248 is divided by 25.
23
What is the remainder when 341 is divided by 69?
65
Calculate the remainder when 102 is divided by 18.
12
Calculate the remainder when 1154 is divided by 39.
23
Calculate the remainder when 46 is divided by 4.
2
Calculate the remainder when 177 is divided by 18.
15
What is